git of -4 + (-4 + 836/v)*-3?
1
Let q = 1459 + -817. What is the tens digit of q?
4
Let c = -1130 + 1956. What is the hundreds digit of c?
8
Let v = 25 - 16. Let u be (13 - v)/((-1)/(-3)). Suppose 0*x - u = -x. What is the units digit of x?
2
Suppose 5*h - 5*z = 3250, 7*z + 2604 = 4*h + 2*z. What is the tens digit of h?
4
Suppose 5*q + 672 = 12*q. What is the units digit of q?
6
Suppose -2*f - 4 = -12. Suppose -f*w + 101 + 71 = 0. What is the units digit of w?
3
Suppose 0 = 8*i - 48*i + 46560. What is the hundreds digit of i?
1
Suppose u = -o - 3*o + 84, -2*u = 3*o - 188. What is the tens digit of ((-480)/u)/((-2)/10)?
2
Suppose 50 = 3*x + 2*d, 2*x + 2*d + d - 25 = 0. What is the tens digit of x + -23 + (0 - -55)?
5
Let t(n) be the third derivative of -n**5/60 + n**4/4 + n**3 + 2*n**2. What is the tens digit of t(5)?
1
Suppose 3*q + z + 891 = 5*q, -1354 = -3*q - 2*z. Suppose -3*v = -11*v + q. What is the units digit of v?
6
Suppose -f - 4 = -m, -m = -2*m + 2*f + 4. Suppose 0 = -h + 4*u - 3 + 26, 20 = -m*u. What is the units digit of h?
3
Let n(a) = 4252*a**2 - 103*a - 102. What is the thousands digit of n(-1)?
4
Let v(i) be the second derivative of -i**4/12 + 11*i**3/3 - 3*i**2 + 22*i. What is the hundreds digit of v(13)?
1
Let a = 920 + -613. Suppose -3*t = 13 - a. What is the units digit of t?
8
Let q(g) = -269*g + 3. Let v be q(-1). Suppose 2*c - 4*j - v = 0, -5*j = -4*c + 2*c + 274. What is the hundreds digit of c?
1
Suppose 0 = -3*o - 5*l + 6938, 57*o - 5*l = 58*o - 2326. What is the units digit of o?
6
Suppose z = -3*z + 12. Suppose -3*k - 6 = z*w + 3, 3*k = -5*w - 9. What is the units digit of (4/k)/(13/(-195))?
0
Let p = -4 + 0. Let j(x) be the third derivative of -x**5/60 - 5*x**4/24 - x**3/6 - 4*x**2. What is the units digit of j(p)?
3
Let d(w) = 48*w**2 + 12*w + 27. What is the hundreds digit of d(-4)?
7
Suppose 0 = -5*s + 138 - 8. Suppose -4*u - 131 = -5*v, -2*u + 3*u - 82 = -3*v. Suppose -v*c + s*c = -51. What is the tens digit of c?
5
Let f(i) = -29 - 38*i + 78 - 29 - 25. What is the tens digit of f(-2)?
7
What is the hundreds digit of 980 + -5 + 13/1?
9
Let b(p) = -p**2 - 12*p + 11. Let t be b(-11). Suppose -3*w + t = -23. Suppose 0 = m + w - 44. What is the units digit of m?
9
Let c be 3/(-6)*6 - 282/(-3). Suppose 2*d = 3*a - 0*a - 47, -4*a - 3*d = -c. What is the units digit of a?
9
Let b(d) = -d**3 - 3*d**2 + 7*d + 14. Let x be b(-4). Suppose -x*g - 7 = -4*n + n, -2*n + g = -5. What is the units digit of n?
3
Suppose -4*f + 2*b = -978, -10*f + 6*f - 2*b + 998 = 0. What is the units digit of f?
7
Suppose -8*r = -4*r + 224. Let z be 0 - (0 - r)*-1. Suppose -2*l = -6*l + z. What is the tens digit of l?
1
Let l = 102 + -51. What is the units digit of l?
1
Let y(c) = -12*c - 10. Let k(r) = r - 1. Let x(f) = -5*k(f) + y(f). What is the units digit of x(-3)?
6
Let q(p) = p**2 + p. Let k = -6 + 6. Let m be q(k). Suppose 2*u = 16 - m. What is the units digit of u?
8
What is the hundreds digit of (1 + -3)/(-3*8/6492)?
5
Let c be 1968/(-18)*-1*3. Let k = -203 + c. What is the units digit of k?
5
Let g = -7 + 1. What is the tens digit of 12/(-18) - 214/g?
3
Suppose 3*t - 2*p - 476 - 195 = 0, 2*t = 4*p + 442. Suppose -2*j - t = -4*q + 119, j = 5*q - 427. What is the units digit of q?
5
Let x = 2135 - 1000. What is the tens digit of x?
3
Let v(u) = 13*u**2 + 6*u - 6. Let x be v(4). Suppose 4*m - 262 = -2*l + l, -x = -l + 5*m. What is the units digit of l?
6
Let k(m) = 58*m - 396. What is the units digit of k(8)?
8
Let t be (-6)/(2 - 0/4). What is the units digit of (-1 + (-114)/9)*t?
1
Let b(w) = -w + 8. Let a be b(6). Suppose a*r + 5*y = 33, -4*y + 48 = 2*r + 2*r. What is the units digit of 2/9 - (-79)/r?
9
Suppose -3*g + 2*o + 29 = -123, -2*g = -2*o - 100. Let n = 124 - g. What is the units digit of n?
2
Suppose -46767 = 26*h - 194941. What is the units digit of h?
9
Let p(o) = -o**2 - 95*o - 118. What is the units digit of p(-26)?
6
Let z(r) = -r**2 - r - 4. Let f be z(-3). Let i = 13 + f. Suppose 60 = -g + i*g. What is the units digit of g?
0
Suppose 2*i + 9 = 3*i. Let g be 6/27 - (-628)/i. Suppose 0 = 5*v - 0*v - g. What is the tens digit of v?
1
Suppose 4*q + 170 = -62. Let x = q - -34. Let d = 46 + x. What is the units digit of d?
2
Let i(x) = 3*x - 8*x - x**3 - 52 + 5*x**2 + 50. What is the units digit of i(3)?
1
Let m(g) = -g + 36. Let c be m(-11). What is the tens digit of (6/2 + -5)/((-1)/c)?
9
Let d(j) = -j**2 - 5*j + 1. Let h be d(-6). Let v(m) = 75*m**2 + 5. Let y(i) = 75*i**2 + 4. Let p(o) = h*v(o) + 6*y(o). What is the units digit of p(1)?
4
Suppose -3*o + 2 = -7. Suppose -311 = -3*a + a - o*p, -158 = -a - 2*p. Suppose a - 13 = 5*w. What is the units digit of w?
7
Let j be ((-2)/4)/(1/(-6)). Suppose -3*c = s + 3, s - 3*c = -s + j. Suppose 5*z - 278 = -4*g, -4*z - g - 6 + 224 = s. What is the units digit of z?
4
What is the hundreds digit of -6 + 28581/9 - 16/(-12)?
1
Let n = -681 - -1033. Let x = 501 - n. What is the hundreds digit of x?
1
Let o(w) = -7*w**3 + 52*w**2 - 55*w + 61. Let y(p) = -4*p**3 + 26*p**2 - 28*p + 31. Let m(c) = 3*o(c) - 5*y(c). What is the units digit of m(25)?
8
Suppose 0 = 29*m - 164076 + 43378. What is the hundreds digit of m?
1
Let j(i) = -27*i**3 + i**2. Let s be 0 + (-1 - -3) + 3. Suppose -2*c + c = 5*l + 3, 2*c - 9 = s*l. What is the units digit of j(l)?
8
Let b(f) = -3*f - 5 + 4*f + 0*f. Let i be b(9). What is the units digit of (3 - 5/2)*i?
2
What is the tens digit of 331/2 + (-4)/8?
6
Let r(y) = 2*y**2 + 17*y - 48. What is the hundreds digit of r(-23)?
6
Suppose 2*c + 4*q - 3852 = 2*q, 0 = 5*c - 3*q - 9630. What is the units digit of c?
6
What is the units digit of 36*9/((-189)/(-28))?
8
What is the units digit of 130/(-13)*(-22 + (6 - 3))?
0
Suppose -3*h - 68*c + 809 = -73*c, 0 = -5*c - 5. What is the hundreds digit of h?
2
What is the units digit of 41*11 - (-12 + 5 - -4)?
4
What is the units digit of (-488)/(-22) + 82/(-451)?
2
Suppose -2110*a = -2107*a - 10530. What is the units digit of a?
0
Let h = -416 - -824. What is the units digit of h?
8
Let z(h) = 13*h**2 - 32*h**2 + 12*h**2 - h**3 - 4 + 11*h**2 + 2*h. Let b = -7 + 10. What is the units digit of z(b)?
1
Let v be 1/(4/(12 + 0)) + -9. What is the units digit of (-55)/(-1) + v/3?
3
Let r be -1 - (-1)/((-4)/4 - -2). Suppose r = -w - 46 + 55. What is the units digit of w?
9
Suppose -2*y + 47 = 15. Let d(n) = 13*n - 88. Let l be d(13). What is the tens digit of l/12*y/3?
3
Let r = 4547 - 2728. What is the thousands digit of r?
1
Suppose -o = -3*x + 58, -5*x + 2*o + 148 - 51 = 0. Suppose 0 = 4*f - x - 69. What is the tens digit of f?
2
Let u = 221 + -144. Suppose 0 = 5*m - 98 - u. What is the units digit of m?
5
What is the tens digit of 1812 - 6/(-4)*168/(-63)?
0
Suppose -3*q - 2*q = w + 23, -3*q - 7 = 4*w. Suppose -5*v - 18 = -w*v. Let t(p) = 2*p**2 + 7*p + 1. What is the tens digit of t(v)?
3
Suppose 44*t = -53*t + 590051. What is the tens digit of t?
8
Let x(i) = 77*i + 227. What is the units digit of x(11)?
4
Let a be 4 + (-5 - -4)*57. Let c = a + 111. What is the units digit of c?
8
Suppose 3*y - 3*k = 1662, 2*y + 0*y - 3*k = 1111. What is the tens digit of y?
5
Let q be ((-3)/2)/((-3)/10). Suppose 2*r - 44 = -3*z, 0 = r - 5*r - q*z + 84. What is the units digit of r/6*(-6)/(-8)?
2
Suppose -22*b + 23*b + 199 = 5*p, 4*p + 3*b = 144. What is the tens digit of p?
3
Let y(u) = u**2 + 5*u + 4. Let v be y(-5). Suppose -v*k - 13 - 35 = 0. Let n = k + 29. What is the units digit of n?
7
Suppose -1013 = 2*a - 47. Let p = a - -699. What is the units digit of p?
6
What is the hundreds digit of (3/4)/((-594)/(-3156912))?
9
Let p be -58*(4 - (1 + 4)). Let l = p + 28. What is the tens digit of l?
8
Let s be 3/(-9)*(-8 - -2). Let d be (-35)/s*(-136)/85. What is the units digit of d/(-154) + 1170/22?
3
What is the units digit of (-2 - 3148/(-10)) + (-54)/(-45)?
4
Let b(z) = -z**3 + 3*z**2 - z + 3. Let p be b(3). Suppose 2*s - 13 + 13 = 0. What is the units digit of p + s - 26/(-2)?
3
Let t(u) = 24*u**2 + 7*u - 41. What is the thousands digit of t(-16)?
5
Let c = 47 + -1. Suppose -5*g - c = 454. Let z = -56 - g. What is the units digit of z?
4
Suppose 0 = -r + 3 - 0. Suppose -2*t = 2*j - 232, -3*t + 459 = t + r*j. What is the hundreds digit of 